{"id":123,"date":"2015-04-07T20:47:52","date_gmt":"2015-04-07T19:47:52","guid":{"rendered":"http:\/\/coussinets.fr\/coussinets\/?page_id=123"},"modified":"2025-02-15T19:23:31","modified_gmt":"2025-02-15T18:23:31","slug":"prestations","status":"publish","type":"page","link":"https:\/\/coussinets.fr\/coussinets\/prestations\/","title":{"rendered":""},"content":{"rendered":"\n<a href=\"#section1\" class=\"lien-prix\">Clique ici pour voir le r\u00e9capitulatif des prix<\/a>\n\n\n\n<p class=\"has-text-align-center has-large-font-size\"><mark style=\"background-color:rgba(0, 0, 0, 0);color:#4e3626\" class=\"has-inline-color\"><strong><u>Pr\u00e9 visite<\/u><\/strong><u> <strong>8\u20ac<\/strong><\/u><\/mark><\/p>\n\n\n\n<p>La pr\u00e9-visite est une \u00e9tape primordiale pour que nous puissions apprendre \u00e0 nous conna\u00eetre et, surtout, pour \u00e9tablir ensemble la fiche d\u2019inscription de votre petit prot\u00e9g\u00e9. Cela me permettra de conna\u00eetre toutes les informations importantes concernant votre coussinet afin de garantir sa s\u00e9curit\u00e9 et son bien-\u00eatre pendant son s\u00e9jour.<\/p>\n\n\n\n<p>Au cours de cette rencontre, je vous pr\u00e9senterai le devis, et nous passerons en revue les conditions g\u00e9n\u00e9rales de services, que vous devrez simplement signer. Nous dresserons \u00e9galement une fiche descriptive compl\u00e8te de votre chat, afin d\u2019avoir toutes les informations n\u00e9cessaires sur ses habitudes alimentaires, son comportement, ses pr\u00e9f\u00e9rences en mati\u00e8re de jeu ou de c\u00e2lins, et bien s\u00fbr, tout ce qui pourrait \u00eatre n\u00e9cessaire pour rendre son s\u00e9jour aussi agr\u00e9able que possible.<\/p>\n\n\n\n<p>Si tout est en ordre et que nous nous entendons bien sur les termes, c\u2019est \u00e0 ce moment-l\u00e0 que vous pourrez me confier vos cl\u00e9s, ainsi que m&rsquo;indiquer o\u00f9 se trouvent la nourriture, la liti\u00e8re, et tout le n\u00e9cessaire au bon d\u00e9roulement de la garde de votre coussinets.<\/p>\n\n\n\n<p>ATTENTION : Les rendez-vous sont donn\u00e9s par cr\u00e9neau horaire et non pas par horaire pr\u00e9cis. Il est donc imp\u00e9ratif que vous soyez pr\u00e9sent pendant le cr\u00e9neau indiqu\u00e9 pour garantir le bon d\u00e9roulement de la pr\u00e9-visite. Cela nous permettra de commencer l\u2019aventure sur des bases solides et sans stress pour vous ni pour votre coussinets.<\/p>\n\n\n\n<p><\/p>\n\n\n\n<figure class=\"wp-block-image size-large\"><img loading=\"lazy\" decoding=\"async\" width=\"1024\" height=\"203\" src=\"https:\/\/coussinets.fr\/coussinets\/wp-content\/uploads\/Sans-titre-5-1024x203.png\" alt=\"\" class=\"wp-image-1555\" srcset=\"https:\/\/coussinets.fr\/coussinets\/wp-content\/uploads\/Sans-titre-5-1024x203.png 1024w, https:\/\/coussinets.fr\/coussinets\/wp-content\/uploads\/Sans-titre-5-300x59.png 300w, https:\/\/coussinets.fr\/coussinets\/wp-content\/uploads\/Sans-titre-5-150x30.png 150w, https:\/\/coussinets.fr\/coussinets\/wp-content\/uploads\/Sans-titre-5-768x152.png 768w, https:\/\/coussinets.fr\/coussinets\/wp-content\/uploads\/Sans-titre-5-1536x304.png 1536w, https:\/\/coussinets.fr\/coussinets\/wp-content\/uploads\/Sans-titre-5-2048x406.png 2048w\" sizes=\"auto, (max-width: 1024px) 100vw, 1024px\" \/><\/figure>\n\n\n\n<p><\/p>\n\n\n\n<p><\/p>\n\n\n\n<p class=\"has-text-align-center has-large-font-size\"><strong><mark style=\"background-color:rgba(0, 0, 0, 0);color:#4e3626\" class=\"has-inline-color\"><u>La visite classique 16\u20ac<\/u><\/mark><\/strong><u>*<\/u><\/p>\n\n\n\n<p>Je passe rendre visite \u00e0 vos coussinets pendant une p\u00e9riode de 20 \u00e0 30 minutes, suffisamment longue pour m&rsquo;assurer que tout va bien \u00e0 la maison. Pendant ma visite, je v\u00e9rifie minutieusement la nourriture, en m&rsquo;assurant que vos chats ont bien \u00e0 manger et que leur eau est propre et fra\u00eeche. Je prends \u00e9galement le temps de nettoyer la liti\u00e8re, pour que votre compagnon se sente toujours \u00e0 l\u2019aise dans un environnement propre et sain. En plus, je propose pour ceux qui le veulent un moment de jeux et d\u2019interaction, ce qui est id\u00e9al pour les chats qui aiment un peu de stimulation, mais aussi pour ceux qui sont plus territoriaux et pr\u00e9f\u00e8rent rester dans leur cadre familier.<\/p>\n\n\n\n<p>En plus de tout cela, je vous enverrai des nouvelles r\u00e9guli\u00e8rement, accompagn\u00e9es de photos prises lors de chaque visite. Ainsi, vous pourrez garder un \u0153il sur vos coussinets, m\u00eame lorsque vous n&rsquo;\u00eates pas \u00e0 la maison. C\u2019est une exp\u00e9rience rassurante pour vous et un moment agr\u00e9able pour vos coussinets, dans un environnement qu\u2019ils connaissent et appr\u00e9cient.<\/p>\n\n\n\n<p>*+4\u20ac les dimanches et jours f\u00e9ri\u00e9s<\/p>\n\n\n\n<figure class=\"wp-block-image size-large\"><img loading=\"lazy\" decoding=\"async\" width=\"1024\" height=\"203\" src=\"https:\/\/coussinets.fr\/coussinets\/wp-content\/uploads\/Sans-titre-6-1024x203.png\" alt=\"\" class=\"wp-image-1561\" srcset=\"https:\/\/coussinets.fr\/coussinets\/wp-content\/uploads\/Sans-titre-6-1024x203.png 1024w, https:\/\/coussinets.fr\/coussinets\/wp-content\/uploads\/Sans-titre-6-300x59.png 300w, https:\/\/coussinets.fr\/coussinets\/wp-content\/uploads\/Sans-titre-6-150x30.png 150w, https:\/\/coussinets.fr\/coussinets\/wp-content\/uploads\/Sans-titre-6-768x152.png 768w, https:\/\/coussinets.fr\/coussinets\/wp-content\/uploads\/Sans-titre-6-1536x304.png 1536w, https:\/\/coussinets.fr\/coussinets\/wp-content\/uploads\/Sans-titre-6-2048x406.png 2048w\" sizes=\"auto, (max-width: 1024px) 100vw, 1024px\" \/><\/figure>\n\n\n\n<p class=\"has-text-align-center has-large-font-size\"><mark style=\"background-color:rgba(0, 0, 0, 0);color:#4e3626\" class=\"has-inline-color\"><strong><u>La visite premium<\/u><\/strong><u> <strong>30\u20ac<\/strong><\/u><\/mark><u>**<\/u><\/p>\n\n\n\n<p>Pour les chats ayant des besoins plus importants en termes d&rsquo;attention et d&rsquo;interaction, je propose \u00e9galement des visites d&rsquo;une heure. Ces visites sont id\u00e9ales pour les coussinets qui ont besoin de plus de stimulation et d&rsquo;activit\u00e9s physiques pour rester \u00e9panouis. Les visites d&rsquo;une heure permettent de r\u00e9pondre aux besoins affectifs des chats plus demandeurs, en leur offrant un moment privil\u00e9gi\u00e9 de jeux interactifs et de d\u00e9couvertes. Cela leur permet de se sentir pleinement \u00e9cout\u00e9s et choy\u00e9s, tout en restant dans le confort de leur propre espace. Que ce soit pour des sessions de jeux, des s\u00e9ances de c\u00e2lins ou simplement un peu de compagnie, cette option est parfaite pour les chats qui ont besoin d&rsquo;une attention plus soutenue.<\/p>\n\n\n\n<p>En plus des v\u00e9rifications de routine, vous recevrez des mises \u00e0 jour r\u00e9guli\u00e8res, avec des photos prises pendant chaque visite, pour que vous puissiez suivre l\u2019\u00e9volution de la journ\u00e9e de votre coussinets et savoir qu&rsquo;il se sent bien.<\/p>\n\n\n\n<p>Ces visites d&rsquo;une heure assurent \u00e0 la fois une prise en charge compl\u00e8te des besoins de votre chat et une attention particuli\u00e8re, lui garantissant un bien-\u00eatre optimal, m\u00eame en votre absence.<\/p>\n\n\n\n<p>**+ 8\u20ac les dimanches et jours f\u00e9ri\u00e9s<\/p>\n\n\n\n<h2 id=\"section1\">R\u00e9capitulatif des prix<\/h2>\n\n\n\n<figure class=\"wp-block-table\"><table class=\"has-fixed-layout\"><tbody><tr><td class=\"has-text-align-center\" data-align=\"center\"><img loading=\"lazy\" decoding=\"async\" width=\"110\" height=\"154\" class=\"wp-image-1623\" style=\"width: 110px;\" src=\"https:\/\/coussinets.fr\/coussinets\/wp-content\/uploads\/chat-content2.png\" alt=\"\" srcset=\"https:\/\/coussinets.fr\/coussinets\/wp-content\/uploads\/chat-content2.png 272w, https:\/\/coussinets.fr\/coussinets\/wp-content\/uploads\/chat-content2-215x300.png 215w, https:\/\/coussinets.fr\/coussinets\/wp-content\/uploads\/chat-content2-107x150.png 107w\" sizes=\"auto, (max-width: 110px) 100vw, 110px\" \/><\/td><td class=\"has-text-align-center\" data-align=\"center\"><strong><mark style=\"background-color:rgba(0, 0, 0, 0);color:#2b241c\" class=\"has-inline-color\">Visite \u00e0 votre domicile <\/mark><\/strong><br><strong><mark style=\"background-color:rgba(0, 0, 0, 0);color:#2b241c\" class=\"has-inline-color\">lundi au samedi <\/mark><\/strong><\/td><td class=\"has-text-align-center\" data-align=\"center\"><mark style=\"background-color:rgba(0, 0, 0, 0);color:#2b241c\" class=\"has-inline-color\">classique : 20 \u00e0 30 m<br>premium :  1 h <\/mark><\/td><td class=\"has-text-align-center\" data-align=\"center\"><mark style=\"background-color:rgba(0, 0, 0, 0);color:#2b241c\" class=\"has-inline-color\">classique : 16 \u20ac<br>premium : 30 \u20ac<\/mark><\/td><\/tr><tr><td class=\"has-text-align-center\" data-align=\"center\"><img loading=\"lazy\" decoding=\"async\" width=\"105\" height=\"151\" class=\"wp-image-1624\" style=\"width: 105px;\" src=\"https:\/\/coussinets.fr\/coussinets\/wp-content\/uploads\/chatcontent.png\" alt=\"\" srcset=\"https:\/\/coussinets.fr\/coussinets\/wp-content\/uploads\/chatcontent.png 275w, https:\/\/coussinets.fr\/coussinets\/wp-content\/uploads\/chatcontent-209x300.png 209w, https:\/\/coussinets.fr\/coussinets\/wp-content\/uploads\/chatcontent-104x150.png 104w\" sizes=\"auto, (max-width: 105px) 100vw, 105px\" \/><\/td><td class=\"has-text-align-center\" data-align=\"center\"><strong><mark style=\"background-color:rgba(0, 0, 0, 0);color:#2b241c\" class=\"has-inline-color\">Visite \u00e0 votre domicile dimanche et jours f\u00e9ri\u00e9s<\/mark><\/strong><\/td><td class=\"has-text-align-center\" data-align=\"center\"><mark style=\"background-color:rgba(0, 0, 0, 0);color:#2b241c\" class=\"has-inline-color\">classique : 20 \u00e0 30 m<br>premium :  1 h <\/mark><\/td><td class=\"has-text-align-center\" data-align=\"center\"><mark style=\"background-color:rgba(0, 0, 0, 0);color:#2b241c\" class=\"has-inline-color\">classique : 20 \u20ac<br>premium : 38 \u20ac<\/mark><\/td><\/tr><tr><td class=\"has-text-align-center\" data-align=\"center\"><img loading=\"lazy\" decoding=\"async\" width=\"150\" height=\"151\" class=\"wp-image-1614\" style=\"width: 150px;\" src=\"https:\/\/coussinets.fr\/coussinets\/wp-content\/uploads\/chatnoel.png\" alt=\"\" srcset=\"https:\/\/coussinets.fr\/coussinets\/wp-content\/uploads\/chatnoel.png 378w, https:\/\/coussinets.fr\/coussinets\/wp-content\/uploads\/chatnoel-298x300.png 298w, https:\/\/coussinets.fr\/coussinets\/wp-content\/uploads\/chatnoel-150x150.png 150w, https:\/\/coussinets.fr\/coussinets\/wp-content\/uploads\/chatnoel-90x90.png 90w, https:\/\/coussinets.fr\/coussinets\/wp-content\/uploads\/chatnoel-75x75.png 75w\" sizes=\"auto, (max-width: 150px) 100vw, 150px\" \/><\/td><td class=\"has-text-align-center\" data-align=\"center\"><strong><mark style=\"background-color:rgba(0, 0, 0, 0);color:#2b241c\" class=\"has-inline-color\">EXCEPTION : <\/mark><\/strong><br><strong><mark style=\"background-color:rgba(0, 0, 0, 0);color:#2b241c\" class=\"has-inline-color\">25 d\u00e9cembre, 1er janvier et 1er mai<\/mark><\/strong><\/td><td class=\"has-text-align-center\" data-align=\"center\"><mark style=\"background-color:rgba(0, 0, 0, 0);color:#2b241c\" class=\"has-inline-color\">classique :<\/mark> <mark style=\"background-color:rgba(0, 0, 0, 0);color:#2b241c\" class=\"has-inline-color\">20 \u00e0 30 m<\/mark><br><mark style=\"background-color:rgba(0, 0, 0, 0);color:#2b241c\" class=\"has-inline-color\">premium :  1 h<\/mark><\/td><td class=\"has-text-align-center\" data-align=\"center\"><mark style=\"background-color:rgba(0, 0, 0, 0);color:#2b241c\" class=\"has-inline-color\">classique :<\/mark> <mark style=\"background-color:rgba(0, 0, 0, 0);color:#2b241c\" class=\"has-inline-color\">25 \u20ac <\/mark><br><mark style=\"background-color:rgba(0, 0, 0, 0);color:#2b241c\" class=\"has-inline-color\">premium : 45 \u20ac<\/mark><\/td><\/tr><tr><td class=\"has-text-align-center\" data-align=\"center\"><img loading=\"lazy\" decoding=\"async\" width=\"160\" height=\"156\" class=\"wp-image-1617\" style=\"width: 160px;\" src=\"https:\/\/coussinets.fr\/coussinets\/wp-content\/uploads\/cleschat.png\" alt=\"\" srcset=\"https:\/\/coussinets.fr\/coussinets\/wp-content\/uploads\/cleschat.png 815w, https:\/\/coussinets.fr\/coussinets\/wp-content\/uploads\/cleschat-300x292.png 300w, https:\/\/coussinets.fr\/coussinets\/wp-content\/uploads\/cleschat-150x146.png 150w, https:\/\/coussinets.fr\/coussinets\/wp-content\/uploads\/cleschat-768x748.png 768w\" sizes=\"auto, (max-width: 160px) 100vw, 160px\" \/><\/td><td class=\"has-text-align-center\" data-align=\"center\"><strong><mark style=\"background-color:rgba(0, 0, 0, 0);color:#2b241c\" class=\"has-inline-color\">&nbsp;Pr\u00e9-visite&nbsp; \/ Retour de cl\u00e9s<\/mark><\/strong><\/td><td class=\"has-text-align-center\" data-align=\"center\">La pr\u00e9 visite est essentielle <mark style=\"background-color:rgba(0, 0, 0, 0);color:#2b241c\" class=\"has-inline-color\">pour apprendre \u00e0 se connaitre et pour \u00e9tablir la fiche d&rsquo;inscription de votre petit prot\u00e9g\u00e9.<br>ATTENTION les rendez vous sont donn\u00e9s par cr\u00e9neau horaire et non par horaire pr\u00e9cis vous devez donc \u00eatre pr\u00e9sent pendant le cr\u00e9neau indiqu\u00e9 !&nbsp;<br>Retour de cl\u00e9s toujours en main propre<\/mark><\/td><td class=\"has-text-align-center\" data-align=\"center\"><mark style=\"background-color:rgba(0, 0, 0, 0);color:#2b241c\" class=\"has-inline-color\">8 \u20ac\/ 5 \u20ac<\/mark><\/td><\/tr><tr><td class=\"has-text-align-center\" data-align=\"center\"><img loading=\"lazy\" decoding=\"async\" width=\"110\" height=\"150\" class=\"wp-image-1613\" style=\"width: 110px;\" src=\"https:\/\/coussinets.fr\/coussinets\/wp-content\/uploads\/saad.png\" alt=\"\" srcset=\"https:\/\/coussinets.fr\/coussinets\/wp-content\/uploads\/saad.png 205w, https:\/\/coussinets.fr\/coussinets\/wp-content\/uploads\/saad-110x150.png 110w\" sizes=\"auto, (max-width: 110px) 100vw, 110px\" \/><\/td><td class=\"has-text-align-center\" data-align=\"center\"><strong><mark style=\"background-color:rgba(0, 0, 0, 0);color:#2b241c\" class=\"has-inline-color\">Visite V\u00e9t\u00e9rinaire<\/mark><\/strong><\/td><td class=\"has-text-align-center\" data-align=\"center\"><mark style=\"background-color:rgba(0, 0, 0, 0);color:#2b241c\" class=\"has-inline-color\">20 min = 15 \u20ac<br><br>30min = 20 \u20ac<br><br>45min = 30 \u20ac<br><br>1h = 40 \u20ac<\/mark><\/td><td class=\"has-text-align-center\" data-align=\"center\"><\/td><\/tr><\/tbody><\/table><\/figure>\n\n\n\n<p><\/p>\n","protected":false},"excerpt":{"rendered":"<p>Clique ici pour voir le r\u00e9capitulatif des prix Pr\u00e9 visite 8\u20ac La pr\u00e9-visite est une \u00e9tape primordiale pour que nous puissions apprendre \u00e0 nous conna\u00eetre et, surtout, pour \u00e9tablir ensemble la fiche d\u2019inscription de votre petit prot\u00e9g\u00e9. Cela me permettra de conna\u00eetre toutes les informations importantes concernant votre coussinet afin de garantir sa s\u00e9curit\u00e9 et son bien-\u00eatre pendant son s\u00e9jour.<\/p>\n","protected":false},"author":1,"featured_media":0,"parent":0,"menu_order":0,"comment_status":"closed","ping_status":"open","template":"","meta":{"footnotes":""},"class_list":["post-123","page","type-page","status-publish","hentry"],"yoast_head":"<!-- This site is optimized with the Yoast SEO plugin v27.5 - https:\/\/yoast.com\/product\/yoast-seo-wordpress\/ -->\n<title>- Les coussinets de Gaelle<\/title>\n<meta name=\"description\" content=\"Les diverses prestations pour vos chats et vos chiens propos\u00e9es par votre Pet-sitter sur Nantes et ses environs.\" \/>\n<meta name=\"robots\" content=\"index, follow, max-snippet:-1, max-image-preview:large, max-video-preview:-1\" \/>\n<link rel=\"canonical\" href=\"https:\/\/coussinets.fr\/coussinets\/prestations\/\" \/>\n<meta property=\"og:locale\" content=\"fr_FR\" \/>\n<meta property=\"og:type\" content=\"article\" \/>\n<meta property=\"og:title\" content=\"- Les coussinets de Gaelle\" \/>\n<meta property=\"og:description\" content=\"Les diverses prestations pour vos chats et vos chiens propos\u00e9es par votre Pet-sitter sur Nantes et ses environs.\" \/>\n<meta property=\"og:url\" content=\"https:\/\/coussinets.fr\/coussinets\/prestations\/\" \/>\n<meta property=\"og:site_name\" content=\"Les coussinets de Gaelle\" \/>\n<meta property=\"article:modified_time\" content=\"2025-02-15T18:23:31+00:00\" \/>\n<meta property=\"og:image\" content=\"https:\/\/coussinets.fr\/coussinets\/wp-content\/uploads\/Sans-titre-5.png\" \/>\n\t<meta property=\"og:image:width\" content=\"2616\" \/>\n\t<meta property=\"og:image:height\" content=\"518\" \/>\n\t<meta property=\"og:image:type\" content=\"image\/png\" \/>\n<meta name=\"twitter:card\" content=\"summary_large_image\" \/>\n<meta name=\"twitter:label1\" content=\"Dur\u00e9e de lecture estim\u00e9e\" \/>\n\t<meta name=\"twitter:data1\" content=\"6 minutes\" \/>\n<script type=\"application\/ld+json\" class=\"yoast-schema-graph\">{\"@context\":\"https:\\\/\\\/schema.org\",\"@graph\":[{\"@type\":\"WebPage\",\"@id\":\"https:\\\/\\\/coussinets.fr\\\/coussinets\\\/prestations\\\/\",\"url\":\"https:\\\/\\\/coussinets.fr\\\/coussinets\\\/prestations\\\/\",\"name\":\"- Les coussinets de Gaelle\",\"isPartOf\":{\"@id\":\"https:\\\/\\\/coussinets.fr\\\/coussinets\\\/#website\"},\"primaryImageOfPage\":{\"@id\":\"https:\\\/\\\/coussinets.fr\\\/coussinets\\\/prestations\\\/#primaryimage\"},\"image\":{\"@id\":\"https:\\\/\\\/coussinets.fr\\\/coussinets\\\/prestations\\\/#primaryimage\"},\"thumbnailUrl\":\"https:\\\/\\\/coussinets.fr\\\/coussinets\\\/wp-content\\\/uploads\\\/Sans-titre-5-1024x203.png\",\"datePublished\":\"2015-04-07T19:47:52+00:00\",\"dateModified\":\"2025-02-15T18:23:31+00:00\",\"description\":\"Les diverses prestations pour vos chats et vos chiens propos\u00e9es par votre Pet-sitter sur Nantes et ses environs.\",\"inLanguage\":\"fr-FR\",\"potentialAction\":[{\"@type\":\"ReadAction\",\"target\":[\"https:\\\/\\\/coussinets.fr\\\/coussinets\\\/prestations\\\/\"]}]},{\"@type\":\"ImageObject\",\"inLanguage\":\"fr-FR\",\"@id\":\"https:\\\/\\\/coussinets.fr\\\/coussinets\\\/prestations\\\/#primaryimage\",\"url\":\"https:\\\/\\\/coussinets.fr\\\/coussinets\\\/wp-content\\\/uploads\\\/Sans-titre-5.png\",\"contentUrl\":\"https:\\\/\\\/coussinets.fr\\\/coussinets\\\/wp-content\\\/uploads\\\/Sans-titre-5.png\",\"width\":2616,\"height\":518},{\"@type\":\"WebSite\",\"@id\":\"https:\\\/\\\/coussinets.fr\\\/coussinets\\\/#website\",\"url\":\"https:\\\/\\\/coussinets.fr\\\/coussinets\\\/\",\"name\":\"Les coussinets de Gaelle\",\"description\":\"\",\"publisher\":{\"@id\":\"https:\\\/\\\/coussinets.fr\\\/coussinets\\\/#organization\"},\"potentialAction\":[{\"@type\":\"SearchAction\",\"target\":{\"@type\":\"EntryPoint\",\"urlTemplate\":\"https:\\\/\\\/coussinets.fr\\\/coussinets\\\/?s={search_term_string}\"},\"query-input\":{\"@type\":\"PropertyValueSpecification\",\"valueRequired\":true,\"valueName\":\"search_term_string\"}}],\"inLanguage\":\"fr-FR\"},{\"@type\":\"Organization\",\"@id\":\"https:\\\/\\\/coussinets.fr\\\/coussinets\\\/#organization\",\"name\":\"Les coussinets de Ga\u00eblle\",\"url\":\"https:\\\/\\\/coussinets.fr\\\/coussinets\\\/\",\"logo\":{\"@type\":\"ImageObject\",\"inLanguage\":\"fr-FR\",\"@id\":\"https:\\\/\\\/coussinets.fr\\\/coussinets\\\/#\\\/schema\\\/logo\\\/image\\\/\",\"url\":\"https:\\\/\\\/coussinets.fr\\\/coussinets\\\/wp-content\\\/uploads\\\/logo_slogan.png\",\"contentUrl\":\"https:\\\/\\\/coussinets.fr\\\/coussinets\\\/wp-content\\\/uploads\\\/logo_slogan.png\",\"width\":720,\"height\":146,\"caption\":\"Les coussinets de Ga\u00eblle\"},\"image\":{\"@id\":\"https:\\\/\\\/coussinets.fr\\\/coussinets\\\/#\\\/schema\\\/logo\\\/image\\\/\"}}]}<\/script>\n<!-- \/ Yoast SEO plugin. -->","yoast_head_json":{"title":"- Les coussinets de Gaelle","description":"Les diverses prestations pour vos chats et vos chiens propos\u00e9es par votre Pet-sitter sur Nantes et ses environs.","robots":{"index":"index","follow":"follow","max-snippet":"max-snippet:-1","max-image-preview":"max-image-preview:large","max-video-preview":"max-video-preview:-1"},"canonical":"https:\/\/coussinets.fr\/coussinets\/prestations\/","og_locale":"fr_FR","og_type":"article","og_title":"- Les coussinets de Gaelle","og_description":"Les diverses prestations pour vos chats et vos chiens propos\u00e9es par votre Pet-sitter sur Nantes et ses environs.","og_url":"https:\/\/coussinets.fr\/coussinets\/prestations\/","og_site_name":"Les coussinets de Gaelle","article_modified_time":"2025-02-15T18:23:31+00:00","og_image":[{"width":2616,"height":518,"url":"https:\/\/coussinets.fr\/coussinets\/wp-content\/uploads\/Sans-titre-5.png","type":"image\/png"}],"twitter_card":"summary_large_image","twitter_misc":{"Dur\u00e9e de lecture estim\u00e9e":"6 minutes"},"schema":{"@context":"https:\/\/schema.org","@graph":[{"@type":"WebPage","@id":"https:\/\/coussinets.fr\/coussinets\/prestations\/","url":"https:\/\/coussinets.fr\/coussinets\/prestations\/","name":"- Les coussinets de Gaelle","isPartOf":{"@id":"https:\/\/coussinets.fr\/coussinets\/#website"},"primaryImageOfPage":{"@id":"https:\/\/coussinets.fr\/coussinets\/prestations\/#primaryimage"},"image":{"@id":"https:\/\/coussinets.fr\/coussinets\/prestations\/#primaryimage"},"thumbnailUrl":"https:\/\/coussinets.fr\/coussinets\/wp-content\/uploads\/Sans-titre-5-1024x203.png","datePublished":"2015-04-07T19:47:52+00:00","dateModified":"2025-02-15T18:23:31+00:00","description":"Les diverses prestations pour vos chats et vos chiens propos\u00e9es par votre Pet-sitter sur Nantes et ses environs.","inLanguage":"fr-FR","potentialAction":[{"@type":"ReadAction","target":["https:\/\/coussinets.fr\/coussinets\/prestations\/"]}]},{"@type":"ImageObject","inLanguage":"fr-FR","@id":"https:\/\/coussinets.fr\/coussinets\/prestations\/#primaryimage","url":"https:\/\/coussinets.fr\/coussinets\/wp-content\/uploads\/Sans-titre-5.png","contentUrl":"https:\/\/coussinets.fr\/coussinets\/wp-content\/uploads\/Sans-titre-5.png","width":2616,"height":518},{"@type":"WebSite","@id":"https:\/\/coussinets.fr\/coussinets\/#website","url":"https:\/\/coussinets.fr\/coussinets\/","name":"Les coussinets de Gaelle","description":"","publisher":{"@id":"https:\/\/coussinets.fr\/coussinets\/#organization"},"potentialAction":[{"@type":"SearchAction","target":{"@type":"EntryPoint","urlTemplate":"https:\/\/coussinets.fr\/coussinets\/?s={search_term_string}"},"query-input":{"@type":"PropertyValueSpecification","valueRequired":true,"valueName":"search_term_string"}}],"inLanguage":"fr-FR"},{"@type":"Organization","@id":"https:\/\/coussinets.fr\/coussinets\/#organization","name":"Les coussinets de Ga\u00eblle","url":"https:\/\/coussinets.fr\/coussinets\/","logo":{"@type":"ImageObject","inLanguage":"fr-FR","@id":"https:\/\/coussinets.fr\/coussinets\/#\/schema\/logo\/image\/","url":"https:\/\/coussinets.fr\/coussinets\/wp-content\/uploads\/logo_slogan.png","contentUrl":"https:\/\/coussinets.fr\/coussinets\/wp-content\/uploads\/logo_slogan.png","width":720,"height":146,"caption":"Les coussinets de Ga\u00eblle"},"image":{"@id":"https:\/\/coussinets.fr\/coussinets\/#\/schema\/logo\/image\/"}}]}},"_links":{"self":[{"href":"https:\/\/coussinets.fr\/coussinets\/wp-json\/wp\/v2\/pages\/123","targetHints":{"allow":["GET"]}}],"collection":[{"href":"https:\/\/coussinets.fr\/coussinets\/wp-json\/wp\/v2\/pages"}],"about":[{"href":"https:\/\/coussinets.fr\/coussinets\/wp-json\/wp\/v2\/types\/page"}],"author":[{"embeddable":true,"href":"https:\/\/coussinets.fr\/coussinets\/wp-json\/wp\/v2\/users\/1"}],"replies":[{"embeddable":true,"href":"https:\/\/coussinets.fr\/coussinets\/wp-json\/wp\/v2\/comments?post=123"}],"version-history":[{"count":169,"href":"https:\/\/coussinets.fr\/coussinets\/wp-json\/wp\/v2\/pages\/123\/revisions"}],"predecessor-version":[{"id":1664,"href":"https:\/\/coussinets.fr\/coussinets\/wp-json\/wp\/v2\/pages\/123\/revisions\/1664"}],"wp:attachment":[{"href":"https:\/\/coussinets.fr\/coussinets\/wp-json\/wp\/v2\/media?parent=123"}],"curies":[{"name":"wp","href":"https:\/\/api.w.org\/{rel}","templated":true}]}}