{"id":2,"date":"2015-04-04T13:56:16","date_gmt":"2015-04-04T13:56:16","guid":{"rendered":"http:\/\/coussinets.fr\/coussinets\/?page_id=2"},"modified":"2025-02-15T19:07:53","modified_gmt":"2025-02-15T18:07:53","slug":"page-d-exemple","status":"publish","type":"page","link":"https:\/\/coussinets.fr\/coussinets\/","title":{"rendered":""},"content":{"rendered":"<p><img loading=\"lazy\" decoding=\"async\" class=\"alignnone size-large wp-image-1647 aligncenter\" src=\"https:\/\/coussinets.fr\/coussinets\/wp-content\/uploads\/try23-3-1024x193.png\" alt=\"\" width=\"860\" height=\"162\" srcset=\"https:\/\/coussinets.fr\/coussinets\/wp-content\/uploads\/try23-3-1024x193.png 1024w, https:\/\/coussinets.fr\/coussinets\/wp-content\/uploads\/try23-3-300x57.png 300w, https:\/\/coussinets.fr\/coussinets\/wp-content\/uploads\/try23-3-150x28.png 150w, https:\/\/coussinets.fr\/coussinets\/wp-content\/uploads\/try23-3-768x145.png 768w, https:\/\/coussinets.fr\/coussinets\/wp-content\/uploads\/try23-3-1536x289.png 1536w, https:\/\/coussinets.fr\/coussinets\/wp-content\/uploads\/try23-3.png 1847w\" sizes=\"auto, (max-width: 860px) 100vw, 860px\" \/><\/p>\n<p><span style=\"color: #4e3626;\">Lorsque vous devez vous absenter pour des <strong>vacances<\/strong> ou un <strong>d\u00e9placement<\/strong> professionnel, emmener votre <strong>chat<\/strong> avec vous n\u2019est pas toujours une option. Dans ce cas, il est essentiel de trouver une personne <strong>fiable<\/strong> et de <strong>confiance<\/strong> pour veiller sur votre compagnon \u00e0 quatre pattes. La<strong> garde \u00e0 domicile<\/strong> par une <strong>pet-sitter agr\u00e9\u00e9e<\/strong> est donc la solution id\u00e9ale pour assurer la continuit\u00e9 de ses habitudes et garantir son bien-\u00eatre durant votre <strong>absence<\/strong>. Gr\u00e2ce \u00e0 mon <strong>s\u00e9rieux<\/strong> et mon <strong>professionnalisme<\/strong>, vous pourrez partir l\u2019esprit tranquille, en toute confiance.<\/span><\/p>\n<p><span style=\"color: #4e3626;\"><strong>Passionn\u00e9e<\/strong> par les animaux et forte de plus de 10 ans d\u2019exp\u00e9rience, j\u2019interviens exclusivement sur <strong>Nantes<\/strong> et <strong>Sainte-Luce-sur-Loire<\/strong>. Je me d\u00e9place \u00e0 votre<strong> domicile<\/strong> 7 jours sur 7 pour apporter tous les <strong>soins<\/strong> n\u00e9cessaires au confort et au bonheur de votre chat : alimentation adapt\u00e9e, entretien de la liti\u00e8re, promenades, jeux, c\u00e2lins et\u00a0 un peu de compagnie pour rassurer votre f\u00e9lin pendant votre absence.<\/span><\/p>\n<p><span style=\"color: #4e3626;\">Je suis titulaire du<strong> certificat de capacit\u00e9<\/strong> pour les activit\u00e9s li\u00e9es aux <strong>animaux de compagnie<\/strong>*, et j\u2019ai \u00e9galement suivi une formation de<strong> premiers secours animaliers<\/strong>, pour r\u00e9pondre \u00e0 toutes situations impr\u00e9vues.<\/span><\/p>\n<p><span style=\"color: #4e3626;\">En compl\u00e9ment de ces <strong>qualifications<\/strong>, j\u2019ai approfondi mes connaissances en <strong>comportementalisme f\u00e9lin<\/strong> en suivant une formation en juin 2020 (conseill\u00e8re en <strong>\u00e9thologie<\/strong> appliqu\u00e9e \u00e0 la communication homme-animal). Cette formation me permet de mieux comprendre les besoins comportementaux de votre chat et d\u2019assurer un accompagnement plus personnalis\u00e9.<\/span><\/p>\n<p><span style=\"color: #4e3626;\"><strong>Ma mission<\/strong> : offrir \u00e0 votre chat une <strong>pr\u00e9sence bienveillante<\/strong> et <strong>rassurante<\/strong>, et \u00e0 vous, une tranquillit\u00e9 d&rsquo;esprit totale. Si vous recherchez un service qui va au-del\u00e0 de la simple garde, je suis l\u00e0 pour offrir \u00e0 votre compagnon toute l\u2019attention et les <strong>soins<\/strong> qu\u2019il m\u00e9rite.<\/span><\/p>\n<ul>\n<li><span style=\"color: #4e3626;\">Certificat d\u00e9livr\u00e9 en 2015 par la pr\u00e9fecture de Loire-Atlantique, en collaboration avec la Direction D\u00e9partementale de la Protection des Populations.<\/span><\/li>\n<\/ul>\n<p><span style=\"color: #4e3626;\"><img loading=\"lazy\" decoding=\"async\" class=\"wp-image-1459 alignleft\" src=\"https:\/\/coussinets.fr\/coussinets\/wp-content\/uploads\/saian3-91x150.png\" alt=\"\" width=\"137\" height=\"226\" srcset=\"https:\/\/coussinets.fr\/coussinets\/wp-content\/uploads\/saian3-91x150.png 91w, https:\/\/coussinets.fr\/coussinets\/wp-content\/uploads\/saian3-182x300.png 182w, https:\/\/coussinets.fr\/coussinets\/wp-content\/uploads\/saian3.png 300w\" sizes=\"auto, (max-width: 137px) 100vw, 137px\" \/><strong>\u00a0 \u00a0 \u00a0 \u00a0 Prenez soin de vos coussinets avec <a style=\"color: #4e3626;\" href=\"https:\/\/hariet-et-rosie.com\/\">Hariet et rosie boutique pour chats et chiens soigneux<\/a><\/strong><\/span><\/p>\n<p style=\"text-align: center;\"><span style=\"color: #4e3626;\"><a style=\"color: #4e3626;\" href=\"https:\/\/hariet-et-rosie.com\/\"><img loading=\"lazy\" decoding=\"async\" class=\"alignnone wp-image-943 size-full\" src=\"https:\/\/coussinets.fr\/coussinets\/wp-content\/uploads\/hariet-et-rosie.png\" alt=\"hariet et rosie\" width=\"532\" height=\"121\" srcset=\"https:\/\/coussinets.fr\/coussinets\/wp-content\/uploads\/hariet-et-rosie.png 532w, https:\/\/coussinets.fr\/coussinets\/wp-content\/uploads\/hariet-et-rosie-150x34.png 150w, https:\/\/coussinets.fr\/coussinets\/wp-content\/uploads\/hariet-et-rosie-300x68.png 300w\" sizes=\"auto, (max-width: 532px) 100vw, 532px\" \/><\/a><\/span><\/p>\n<p style=\"text-align: left;\">\n","protected":false},"excerpt":{"rendered":"<p>Lorsque vous devez vous absenter pour des vacances ou un d\u00e9placement professionnel, emmener votre chat avec vous n\u2019est pas toujours une option. Dans ce cas, il est essentiel de trouver une personne fiable et de confiance pour veiller sur votre compagnon \u00e0 quatre pattes. La garde \u00e0 domicile par une pet-sitter agr\u00e9\u00e9e est donc la solution id\u00e9ale pour assurer la<\/p>\n","protected":false},"author":1,"featured_media":0,"parent":0,"menu_order":-1,"comment_status":"closed","ping_status":"open","template":"","meta":{"footnotes":""},"class_list":["post-2","page","type-page","status-publish","hentry"],"yoast_head":"<!-- This site is optimized with the Yoast SEO plugin v27.3 - https:\/\/yoast.com\/product\/yoast-seo-wordpress\/ -->\n<title>Les coussinets de Ga\u00eblle Garde de chats sur Nantes et Ste Luce sur Loire<\/title>\n<meta name=\"description\" content=\"Garde \u00e0 domicile de chats sur Nantes et Sainte Luce sur Loire avec une pet-sitter titulaire du certificat de capacit\u00e9 au soin d\u2019animaux de compagnie.\" \/>\n<meta name=\"robots\" content=\"index, follow, max-snippet:-1, max-image-preview:large, max-video-preview:-1\" \/>\n<link rel=\"canonical\" href=\"https:\/\/coussinets.fr\/coussinets\/\" \/>\n<meta property=\"og:locale\" content=\"fr_FR\" \/>\n<meta property=\"og:type\" content=\"article\" \/>\n<meta property=\"og:title\" content=\"Les coussinets de Ga\u00eblle Garde de chats sur Nantes et Ste Luce sur Loire\" \/>\n<meta property=\"og:description\" content=\"Garde \u00e0 domicile de chats sur Nantes et Sainte Luce sur Loire avec une pet-sitter titulaire du certificat de capacit\u00e9 au soin d\u2019animaux de compagnie.\" \/>\n<meta property=\"og:url\" content=\"https:\/\/coussinets.fr\/coussinets\/\" \/>\n<meta property=\"og:site_name\" content=\"Les coussinets de Gaelle\" \/>\n<meta property=\"article:modified_time\" content=\"2025-02-15T18:07:53+00:00\" \/>\n<meta property=\"og:image\" content=\"https:\/\/coussinets.fr\/coussinets\/wp-content\/uploads\/try23-3.png\" \/>\n\t<meta property=\"og:image:width\" content=\"1847\" \/>\n\t<meta property=\"og:image:height\" content=\"348\" \/>\n\t<meta property=\"og:image:type\" content=\"image\/png\" \/>\n<meta name=\"twitter:card\" content=\"summary_large_image\" \/>\n<meta name=\"twitter:label1\" content=\"Dur\u00e9e de lecture estim\u00e9e\" \/>\n\t<meta name=\"twitter:data1\" content=\"3 minutes\" \/>\n<script type=\"application\/ld+json\" class=\"yoast-schema-graph\">{\"@context\":\"https:\\\/\\\/schema.org\",\"@graph\":[{\"@type\":\"WebPage\",\"@id\":\"https:\\\/\\\/coussinets.fr\\\/coussinets\\\/\",\"url\":\"https:\\\/\\\/coussinets.fr\\\/coussinets\\\/\",\"name\":\"Les coussinets de Ga\u00eblle Garde de chats sur Nantes et Ste Luce sur Loire\",\"isPartOf\":{\"@id\":\"https:\\\/\\\/coussinets.fr\\\/coussinets\\\/#website\"},\"primaryImageOfPage\":{\"@id\":\"https:\\\/\\\/coussinets.fr\\\/coussinets\\\/#primaryimage\"},\"image\":{\"@id\":\"https:\\\/\\\/coussinets.fr\\\/coussinets\\\/#primaryimage\"},\"thumbnailUrl\":\"https:\\\/\\\/coussinets.fr\\\/coussinets\\\/wp-content\\\/uploads\\\/try23-3-1024x193.png\",\"datePublished\":\"2015-04-04T13:56:16+00:00\",\"dateModified\":\"2025-02-15T18:07:53+00:00\",\"description\":\"Garde \u00e0 domicile de chats sur Nantes et Sainte Luce sur Loire avec une pet-sitter titulaire du certificat de capacit\u00e9 au soin d\u2019animaux de compagnie.\",\"inLanguage\":\"fr-FR\",\"potentialAction\":[{\"@type\":\"ReadAction\",\"target\":[\"https:\\\/\\\/coussinets.fr\\\/coussinets\\\/\"]}]},{\"@type\":\"ImageObject\",\"inLanguage\":\"fr-FR\",\"@id\":\"https:\\\/\\\/coussinets.fr\\\/coussinets\\\/#primaryimage\",\"url\":\"https:\\\/\\\/coussinets.fr\\\/coussinets\\\/wp-content\\\/uploads\\\/try23-3.png\",\"contentUrl\":\"https:\\\/\\\/coussinets.fr\\\/coussinets\\\/wp-content\\\/uploads\\\/try23-3.png\",\"width\":1847,\"height\":348},{\"@type\":\"WebSite\",\"@id\":\"https:\\\/\\\/coussinets.fr\\\/coussinets\\\/#website\",\"url\":\"https:\\\/\\\/coussinets.fr\\\/coussinets\\\/\",\"name\":\"Les coussinets de Gaelle\",\"description\":\"\",\"publisher\":{\"@id\":\"https:\\\/\\\/coussinets.fr\\\/coussinets\\\/#organization\"},\"potentialAction\":[{\"@type\":\"SearchAction\",\"target\":{\"@type\":\"EntryPoint\",\"urlTemplate\":\"https:\\\/\\\/coussinets.fr\\\/coussinets\\\/?s={search_term_string}\"},\"query-input\":{\"@type\":\"PropertyValueSpecification\",\"valueRequired\":true,\"valueName\":\"search_term_string\"}}],\"inLanguage\":\"fr-FR\"},{\"@type\":\"Organization\",\"@id\":\"https:\\\/\\\/coussinets.fr\\\/coussinets\\\/#organization\",\"name\":\"Les coussinets de Ga\u00eblle\",\"url\":\"https:\\\/\\\/coussinets.fr\\\/coussinets\\\/\",\"logo\":{\"@type\":\"ImageObject\",\"inLanguage\":\"fr-FR\",\"@id\":\"https:\\\/\\\/coussinets.fr\\\/coussinets\\\/#\\\/schema\\\/logo\\\/image\\\/\",\"url\":\"https:\\\/\\\/coussinets.fr\\\/coussinets\\\/wp-content\\\/uploads\\\/logo_slogan.png\",\"contentUrl\":\"https:\\\/\\\/coussinets.fr\\\/coussinets\\\/wp-content\\\/uploads\\\/logo_slogan.png\",\"width\":720,\"height\":146,\"caption\":\"Les coussinets de Ga\u00eblle\"},\"image\":{\"@id\":\"https:\\\/\\\/coussinets.fr\\\/coussinets\\\/#\\\/schema\\\/logo\\\/image\\\/\"}}]}<\/script>\n<!-- \/ Yoast SEO plugin. -->","yoast_head_json":{"title":"Les coussinets de Ga\u00eblle Garde de chats sur Nantes et Ste Luce sur Loire","description":"Garde \u00e0 domicile de chats sur Nantes et Sainte Luce sur Loire avec une pet-sitter titulaire du certificat de capacit\u00e9 au soin d\u2019animaux de compagnie.","robots":{"index":"index","follow":"follow","max-snippet":"max-snippet:-1","max-image-preview":"max-image-preview:large","max-video-preview":"max-video-preview:-1"},"canonical":"https:\/\/coussinets.fr\/coussinets\/","og_locale":"fr_FR","og_type":"article","og_title":"Les coussinets de Ga\u00eblle Garde de chats sur Nantes et Ste Luce sur Loire","og_description":"Garde \u00e0 domicile de chats sur Nantes et Sainte Luce sur Loire avec une pet-sitter titulaire du certificat de capacit\u00e9 au soin d\u2019animaux de compagnie.","og_url":"https:\/\/coussinets.fr\/coussinets\/","og_site_name":"Les coussinets de Gaelle","article_modified_time":"2025-02-15T18:07:53+00:00","og_image":[{"width":1847,"height":348,"url":"https:\/\/coussinets.fr\/coussinets\/wp-content\/uploads\/try23-3.png","type":"image\/png"}],"twitter_card":"summary_large_image","twitter_misc":{"Dur\u00e9e de lecture estim\u00e9e":"3 minutes"},"schema":{"@context":"https:\/\/schema.org","@graph":[{"@type":"WebPage","@id":"https:\/\/coussinets.fr\/coussinets\/","url":"https:\/\/coussinets.fr\/coussinets\/","name":"Les coussinets de Ga\u00eblle Garde de chats sur Nantes et Ste Luce sur Loire","isPartOf":{"@id":"https:\/\/coussinets.fr\/coussinets\/#website"},"primaryImageOfPage":{"@id":"https:\/\/coussinets.fr\/coussinets\/#primaryimage"},"image":{"@id":"https:\/\/coussinets.fr\/coussinets\/#primaryimage"},"thumbnailUrl":"https:\/\/coussinets.fr\/coussinets\/wp-content\/uploads\/try23-3-1024x193.png","datePublished":"2015-04-04T13:56:16+00:00","dateModified":"2025-02-15T18:07:53+00:00","description":"Garde \u00e0 domicile de chats sur Nantes et Sainte Luce sur Loire avec une pet-sitter titulaire du certificat de capacit\u00e9 au soin d\u2019animaux de compagnie.","inLanguage":"fr-FR","potentialAction":[{"@type":"ReadAction","target":["https:\/\/coussinets.fr\/coussinets\/"]}]},{"@type":"ImageObject","inLanguage":"fr-FR","@id":"https:\/\/coussinets.fr\/coussinets\/#primaryimage","url":"https:\/\/coussinets.fr\/coussinets\/wp-content\/uploads\/try23-3.png","contentUrl":"https:\/\/coussinets.fr\/coussinets\/wp-content\/uploads\/try23-3.png","width":1847,"height":348},{"@type":"WebSite","@id":"https:\/\/coussinets.fr\/coussinets\/#website","url":"https:\/\/coussinets.fr\/coussinets\/","name":"Les coussinets de Gaelle","description":"","publisher":{"@id":"https:\/\/coussinets.fr\/coussinets\/#organization"},"potentialAction":[{"@type":"SearchAction","target":{"@type":"EntryPoint","urlTemplate":"https:\/\/coussinets.fr\/coussinets\/?s={search_term_string}"},"query-input":{"@type":"PropertyValueSpecification","valueRequired":true,"valueName":"search_term_string"}}],"inLanguage":"fr-FR"},{"@type":"Organization","@id":"https:\/\/coussinets.fr\/coussinets\/#organization","name":"Les coussinets de Ga\u00eblle","url":"https:\/\/coussinets.fr\/coussinets\/","logo":{"@type":"ImageObject","inLanguage":"fr-FR","@id":"https:\/\/coussinets.fr\/coussinets\/#\/schema\/logo\/image\/","url":"https:\/\/coussinets.fr\/coussinets\/wp-content\/uploads\/logo_slogan.png","contentUrl":"https:\/\/coussinets.fr\/coussinets\/wp-content\/uploads\/logo_slogan.png","width":720,"height":146,"caption":"Les coussinets de Ga\u00eblle"},"image":{"@id":"https:\/\/coussinets.fr\/coussinets\/#\/schema\/logo\/image\/"}}]}},"_links":{"self":[{"href":"https:\/\/coussinets.fr\/coussinets\/wp-json\/wp\/v2\/pages\/2","targetHints":{"allow":["GET"]}}],"collection":[{"href":"https:\/\/coussinets.fr\/coussinets\/wp-json\/wp\/v2\/pages"}],"about":[{"href":"https:\/\/coussinets.fr\/coussinets\/wp-json\/wp\/v2\/types\/page"}],"author":[{"embeddable":true,"href":"https:\/\/coussinets.fr\/coussinets\/wp-json\/wp\/v2\/users\/1"}],"replies":[{"embeddable":true,"href":"https:\/\/coussinets.fr\/coussinets\/wp-json\/wp\/v2\/comments?post=2"}],"version-history":[{"count":145,"href":"https:\/\/coussinets.fr\/coussinets\/wp-json\/wp\/v2\/pages\/2\/revisions"}],"predecessor-version":[{"id":1648,"href":"https:\/\/coussinets.fr\/coussinets\/wp-json\/wp\/v2\/pages\/2\/revisions\/1648"}],"wp:attachment":[{"href":"https:\/\/coussinets.fr\/coussinets\/wp-json\/wp\/v2\/media?parent=2"}],"curies":[{"name":"wp","href":"https:\/\/api.w.org\/{rel}","templated":true}]}}